 the tens digit of 52*-3*-15*5/45?
6
Suppose -6*m - 2 = 4. Let a be m - 218*3/(-6). What is the tens digit of (a/(-12))/(1/(-3))?
2
Suppose -14*c - 1134 = -4648. What is the tens digit of c?
5
Let g(x) be the second derivative of -x**4/12 + 4*x**3/3 + 6*x**2 - 13*x. Let l be g(9). Let p = 12 - l. What is the units digit of p?
9
Let m(z) = -z - z - z + 4*z - 12. Let c be m(12). Suppose 7*a - 5*a - 46 = c. What is the tens digit of a?
2
Let o be (-5)/4*(-12)/(-30)*0. Suppose 5*h + 0*d - 27 = d, 0 = -4*d - 8. Suppose -3*b + h*b + q - 92 = o, -4*q = -b + 28. What is the tens digit of b?
4
Suppose 0*y - 10*y + 3680 = 0. Suppose -38*d = -36*d - y. What is the units digit of d?
4
Let i be (-1*4 - (0 - 4))/(-2). Suppose -5*y = -4*h + 635, -345 = -2*h - i*h - 3*y. What is the hundreds digit of h?
1
Let i = 15 + -3. Let m = -12 + i. What is the tens digit of (-6)/((-3)/14 - m)?
2
What is the thousands digit of (3634 - 2) + 15 + -21?
3
Let c be 1174/10 - 6/15. Suppose 9*k + 3*f - 195 = 4*k, -3*k + c = 3*f. What is the tens digit of k?
3
Let a = -483 - -1239. What is the tens digit of a?
5
Let n(s) = 8*s**3 - 12*s + 11. What is the units digit of n(4)?
5
Let f = -28 + 33. Suppose 0 = -f*g - 25, 0 = u - 2*u + g + 1. What is the tens digit of (u/(-6))/((-4)/(-372))?
6
Let n(u) = 15*u**2 + 5*u + 14. Let s be (-1)/1 + -4*6/12. What is the units digit of n(s)?
4
Let w be ((-2)/(-3))/((-4)/(-30)). Suppose -15 = 5*k + 5*d, 8 = -0*k - w*k + 2*d. What is the tens digit of (-4)/2 + (-46)/k?
2
Let k(h) = 2*h**3 - 30*h**2 + 15*h - 38. What is the units digit of k(15)?
7
Suppose -16*p + 52 = -15*p. What is the units digit of p?
2
Let t(s) = -s**2 + 4*s + 7. Let r be t(4). Let u be (-9 + r)*(-5)/(-2). What is the tens digit of (u + -1)/(-3) - -18?
2
Suppose -37*n - 9 = -40*n. Suppose n + 110 = j. What is the hundreds digit of j?
1
Suppose -d + 16 = 4*x - 0, x = -2*d + 4. Suppose -q - 4*h + 47 = 0, -x*h = -h - 15. What is the units digit of q?
7
Let j = 9558 + -6599. What is the tens digit of j?
5
Let z = -9 - -22. Let u be (z/(-3))/(1/3). What is the tens digit of (-12 - u)/((-2)/(-24))?
1
Suppose 4*o - 2175 = 2*d + 419, o = 4*d + 645. What is the tens digit of o?
4
Suppose 0 = -86*u + 81*u - 3*c + 17204, -2*u + 2*c + 6872 = 0. What is the units digit of u?
9
Let s(t) = -t**3 - 13*t**2 + 24*t - 21. Let g be s(-15). Let m = g + -2. What is the tens digit of m?
6
Suppose 1141 = -8*d + 4709. What is the tens digit of d?
4
Let c = 751 - -164. What is the units digit of c?
5
Suppose -2*k + 259 = -3*q, -2*k + q + 371 = k. Suppose 0 = -15*p + 608 - 1568. Let x = p + k. What is the tens digit of x?
5
Suppose 3*p + 74 = 107. What is the tens digit of p?
1
Let p(u) = -u - 2. Let y be p(-4). Let i be 25/2*(y + 0). Let q = i - 4. What is the units digit of q?
1
Suppose 2*q + 1512 = 6*q. Suppose q = 10*x - 3*x. What is the tens digit of x?
5
Let b(f) = -f**3 + 5*f**2 + 15*f - 27. What is the units digit of b(-8)?
5
Suppose -5*o + 44 = -o. Suppose 10*b + 20 = o*b. What is the units digit of b?
0
Let l(x) = -6*x - 63. Let k be l(-11). Let v(q) = 24*q**2 - 9*q + 26. What is the tens digit of v(k)?
1
Let q be (-140)/6 + (-12)/(-9). What is the units digit of (-6)/4*q/3?
1
Let b(s) = 25*s**2 - 4*s - 6. Let z be b(-2). Let w = z - 39. What is the units digit of w?
3
Let r(a) = 2*a**3 + 2*a**2 + 2*a + 1. Let d be r(-1). Let m = 3 - d. Suppose 0 = m*h - 11 - 1. What is the units digit of h?
3
Suppose 3*v + 4*m + 9 = 0, -v - 4*m + m - 8 = 0. Let s be v*3 + (1 - 1). Suppose -4*c + c + 56 = 2*z, 0 = 5*z - s*c - 161. What is the units digit of z?
1
Suppose 0 = -0*c + 3*c - 9. Let h(o) = 11*o + 6*o + c - 15*o + 3 + 3*o**2. What is the units digit of h(-3)?
7
Let n = 2189 - 1876. What is the tens digit of n?
1
Suppose -8*s + 45 = -4*s + 5*n, s = -4*n + 25. Suppose -s*f + 4*v + 115 + 75 = 0, -f + 38 = -4*v. What is the tens digit of f?
3
Suppose -2*r = -4*p - 27 + 201, 179 = -2*r + 3*p. Let s be (4 - 7)/(3/r). Suppose 6*u - u - s = -4*x, 3*u - 3 = 0. What is the units digit of x?
3
Let z(p) = -p**2 - 5*p - 8. Let m be z(-2). What is the units digit of 30*(10/(-25))/(m/5)?
0
Suppose 3*h - n = -h + 27, -4*h + 37 = n. Suppose 7*r - h*r = -170. What is the units digit of r?
0
Let o = 94 + -53. Suppose -17 = 2*u - o. Suppose -u*p = -11*p - 15. What is the tens digit of p?
1
What is the tens digit of ((-108)/(-7))/((-45)/(-1890))?
4
Let a = 2746 - 1517. What is the thousands digit of a?
1
Let f(b) = b**2 - 6*b - 1. Let x be f(6). Let p(m) = -5*m - 27. Let z be p(-6). Let k = z + x. What is the units digit of k?
2
What is the tens digit of 10521/14 - 1*(-24)/16?
5
Suppose 2*a = -5*x + 1920, 0 = 5*x - 2*a + 6*a - 1930. What is the units digit of x?
2
Suppose -4*z + 1341 = -683. Suppose -z = -5*p - 3*q, -11*q + 16*q = 5*p - 530. What is the hundreds digit of p?
1
Let d(g) = -99*g - 16. What is the tens digit of d(-5)?
7
Let q(w) = -184*w**2 + 2*w + 1. Let x be q(-1). Let c be x/35 - 4/(-14). Let h(a) = -2*a**3 - 7*a**2 + a - 3. What is the tens digit of h(c)?
6
Suppose -5*c = 2*x - 652, 0 = -2*c - 2*x + 3*x + 259. What is the hundreds digit of c?
1
Suppose -i = -4*t - 0*t + 9, 0 = 2*t - 4*i - 8. Suppose t*o + 5*u + 44 = 2*u, 3*o - 5*u + 66 = 0. Let h = -10 - o. What is the units digit of h?
2
Let r(g) = 4*g - 22. Let l be r(7). Suppose -l*p - 150 = -684. What is the units digit of p?
9
Suppose 578 = 2*r - 2*n - 698, -4*r = n - 2527. What is the tens digit of r?
3
Suppose 7*s - 42 = 4*s. Let d(p) = p**3 - 12*p**2 - 14*p - 14. What is the hundreds digit of d(s)?
1
Let m be 2/3 + (-4)/(-12) - -1. Suppose -m*l + 84 = 2*p - 68, -91 = -p + 2*l. What is the units digit of p?
1
Let c = 1637 + -979. What is the tens digit of c?
5
Let f be (0/2)/(3/(-3)). Suppose 5*p - 15 = -f. What is the units digit of (p/(-1))/((-3)/22)?
2
Let z(m) be the second derivative of m**5/10 - 5*m**4/12 + 7*m**3/6 - 2*m**2 - 9*m. Let v be z(4). Suppose 0 = -f - 2*f + v. What is the tens digit of f?
2
Suppose -4*b - 10 = -46. Suppose 8*y - b*y + 92 = 0. What is the tens digit of y?
9
Let b(i) = -7*i + 7*i**3 + 8*i - 8*i**3 - 13*i - 12*i**2 - 11. Let d be b(-11). What is the units digit of 14 - (d - -12)/(-3)?
8
Let h(v) = v**2 - 6*v - 8. Let c be h(9). Suppose 0 = -c*d + 24*d - 305. What is the units digit of d?
1
Let h(s) = -87*s - 51. What is the units digit of h(-7)?
8
Let b(s) = -81*s - 2. Let c be b(-2). Suppose -6*w + 16 = -14. Suppose -w*r + c = -35. What is the units digit of r?
9
Let m(g) = 10*g**2 + 18*g - 26. Let v be (1 - 0)/((-5)/(-10)). Let f(y) = 3*y**2 + 6*y - 9. Let h(u) = v*m(u) - 7*f(u). What is the units digit of h(-7)?
4
Suppose 137*c + 5706 = 139*c. What is the units digit of c?
3
Let z = 630 + 258. What is the hundreds digit of z?
8
What is the units digit of 3/6*(-15 - -2053)?
9
Suppose 3*j + 2*p - 4*p - 21 = 0, 5*j - 13 = -4*p. Suppose 0 = -5*g + 20, -5 - 121 = -2*t - j*g. What is the tens digit of t?
5
Let s = -18 - -103. Suppose s = -3*p + 229. What is the units digit of p?
8
What is the tens digit of (-5 + (-2)/(-1))*(-652)/12?
6
Let n be (0 + (-1)/2)*(43 - 15). Let g = 10 - -38. Let b = n + g. What is the tens digit of b?
3
Let a be (-4)/(-6) - 102/(-9). Let v = a - -32. What is the tens digit of v?
4
Let f(t) be the second derivative of 5*t**3/3 - 8*t. Let o(n) = 7*n. Let i(y) = -5*f(y) + 7*o(y). What is the units digit of i(-8)?
8
Let z = 9 - 21. Let r = z - -16. Suppose 5*f + 8 = f, 5*s = -r*f + 42. What is the units digit of s?
0
Let x(y) = -4*y**2 - 109*y - 19. What is the units digit of x(-24)?
3
Let c(x) = -50*x + 2. What is the units digit of c(-8)?
2
Let g(z) = -z + 300. Let v be g(0). Suppose v = 5*s - 2*j, -2*j - 20 = -6*j. What is the tens digit of s?
6
Let r(v) = 27*v**2 + 6*v - 3. What is the units digit of r(-4)?
5
Let i = 779 - 269. What is the tens digit of i?
1
Suppose -275 = -u - 3*u + 3*l, 0 = 4*u + 4*l - 240. Suppose 4*k = 3*w + u, -2*k - k + 4*w + 54 = 0. What is the units digit of k?
4
Let n(p) be the first derivative of p**4/8 + 11*p**3/6 + 5*p**2/2 + 6. Let m(h) be the second derivative of n(h). What is the units digit of m(5)?
6
Suppose l - 1 = 0, 0*l - 4*l = 2*n - 12. Suppose -37 = -n*i - 3*t - 0*t, i = t + 11. Suppose h - 58 = -i. What is the units digit of h?
8
Let r(p) = -4*